033
What is -138d95 (base 15) in base 4?
-3211310003
70b434 (base 12) to base 16
1ae0a8
Convert -35232 (base 9) to base 10.
-23519
What is 103412432 (base 5) in base 15?
8d962
What is 44440400 (base 5) in base 13?
108739
What is 43351 (base 8) in base 14?
6889
56222 (base 10) to base 5
3244342
What is -706143 (base 9) in base 14?
-ac3b7
What is -21202021200122 (base 3) in base 7?
-50004530
What is 1c0a59 (base 16) in base 2?
111000000101001011001
What is 434a6 (base 13) in base 12?
5a493
What is 1524424 (base 8) in base 2?
1101010100100010100
Convert 132493 (base 12) to base 3.
121000100110
Convert 4948b8 (base 12) to base 5.
301041111
What is 4041443 (base 5) in base 11?
45027
Convert e11b (base 16) to base 10.
57627
-235400 (base 9) to base 3
-21012110000
What is -220211210120 (base 3) in base 6?
-14251540
-62993a (base 11) to base 4
-3312100323
Convert -677 (base 11) to base 5.
-11220
What is 8a210 (base 14) in base 11?
209904
Convert -232203121110 (base 4) to base 10.
-12203604
What is -49a783 (base 14) in base 16?
-268b0f
10000010010100111111 (base 2) to base 15
a8283
What is 4434342 (base 7) in base 15?
abe36
-22112213030 (base 4) to base 9
-5085882
What is -3214033224 (base 5) in base 13?
-1536858
What is 102201021100112 (base 3) in base 4?
113233310210
Convert 10133 (base 10) to base 4.
2132111
What is -3995 (base 15) in base 5?
-343130
Convert 68674 (base 12) to base 6.
2552224
What is 217885 (base 15) in base 6?
54103525
Convert 45327716 (base 8) to base 13.
2056175
Convert 2a628b2 (base 12) to base 3.
121011101111122
What is 9ea0a (base 15) in base 12?
2043a7
What is 2d737d (base 16) in base 6?
143502113
What is -13441403 (base 5) in base 15?
-2b838
Convert 36d85 (base 14) to base 2.
100000110011101001
What is 239185 (base 10) in base 5?
30123220
7eaa53 (base 15) to base 6
333521353
Convert -21736443 (base 8) to base 11.
-2721319
Convert -129d15 (base 16) to base 12.
-4a9b31
-5270775 (base 10) to base 16
-506cf7
What is -308a8 (base 14) in base 2?
-11100100011100100
Convert 5020728 (base 9) to base 10.
2670920
What is -12230000022 (base 4) in base 6?
-101324110
What is -12201102011 (base 3) in base 2?
-11011011110110111
Convert 8930 (base 10) to base 15.
29a5
What is -553099 (base 10) in base 2?
-10000111000010001011
What is -207e9 (base 15) in base 8?
-311204
Convert 416367 (base 8) to base 16.
21cf7
Convert -494766 (base 11) to base 5.
-200012331
1a2d (base 16) to base 8
15055
1101000011110111111 (base 2) to base 16
687bf
What is 69117 (base 10) in base 2?
10000110111111101
Convert 200220010121 (base 3) to base 4.
1122302233
What is -2243414 (base 6) in base 16?
-1c0a2
What is -100211220212 (base 3) in base 8?
-572500
What is -34102242 (base 5) in base 6?
-10234214
Convert -31333202 (base 4) to base 8.
-157742
What is -44456 (base 10) in base 13?
-17309
-12002212100111 (base 3) to base 4
-22112133322
Convert -277119 (base 10) to base 13.
-9919b
-143023420 (base 5) to base 9
-1365161
24683 (base 10) to base 7
131651
22302110303 (base 4) to base 3
12022122200212
What is 10112210120 (base 3) in base 6?
1255153
What is 4224477 (base 11) in base 16?
719440
-428a89 (base 12) to base 9
-1873266
Convert -4210362 (base 7) to base 10.
-506802
What is -132862 (base 9) in base 14?
-216a2
-554533 (base 13) to base 4
-13222131301
Convert -373191 (base 10) to base 14.
-9a007
What is 20202101122 (base 3) in base 13?
486a1
Convert b0587 (base 12) to base 8.
677067
What is -5552045 (base 7) in base 2?
-10100111001111001100
Convert -14320452 (base 9) to base 7.
-114225611
Convert -11203012 (base 4) to base 9.
-34151
What is -42a916 (base 11) in base 12?
-292112
Convert 5865c (base 15) to base 16.
44bda
What is -23e5f (base 16) in base 15?
-2d879
Convert -10323200 (base 5) to base 15.
-1b650
What is 105034444 (base 7) in base 8?
30211371
4e04 (base 15) to base 14
60d8
Convert 3562053 (base 7) to base 4.
1232120100
What is -201011301133 (base 4) in base 12?
-2aa3aa7
What is 223780 (base 9) in base 4?
200232132
-c00335 (base 13) to base 7
-52606310
222200002220 (base 3) to base 10
524958
Convert -33265746 (base 8) to base 2.
-11011010110101111100110
13321466 (base 8) to base 5
1231202102
What is 225513 (base 8) in base 10?
76619
-3124311312 (base 5) to base 2
-11000101101110001101101
Convert -142233321 (base 6) to base 10.
-2912881
Convert -11a5190 (base 11) to base 7.
-23505222
What is -3020320132 (base 4) in base 2?
-11001000111000011110
What is 3122615 (base 7) in base 5?
44004143
What is 4506523 (base 7) in base 6?
15534251
What is -b3b3 (base 14) in base 2?
-111100011010001
-48948c (base 16) to base 7
-55300461
-108717 (base 10) to base 11
-74754
-121333122122 (base 4) to base 7
-111624650
-101111001110001111001110 (base 2) to base 12
-418b9a6
What is -1275156 (base 8) in base 16?
-57a6e
1100011011100111 (base 2) to base 13
1a23b
-46121 (base 10) to base 4
-23100221
Convert -3361664 (base 7) to base 5.
-101342312
Convert 4240312 (base 5) to base 14.
1bdd2
-168606 (base 9) to base 2
-11001100100100011
What is -1314421301 (base 6) in base 16?
-ee4c65
-26231600 (base 7) to base 9
-4448482
Convert 13a8091 (base 11) to base 6.
123410024
-747490 (base 14) to base 13
-a7b905
18262 (base 15) to base 6
1401515
Convert ab6787 (base 14) to base 15.
79e131
What is 4908610 (base 10) in base 11?
2852a03
What is -81b60 (base 16) in base 10?
-531296
-906a44 (base 14) to base 11
-2819622
101100111001000111 (base 2) to base 8
547107
Convert 303040 (base 8) to base 11.
69043
What is -6b2e (base 16) in base 2?
-110101100101110
17a75 (base 11) to base 5
1302000
What is -1c2a4 (base 15) in base 12?
-45101
Convert -1d542 (base 15) to base 9.
-155228
855a1 (base 13) to base 3
110012211112
What is 11026142 (base 8) in base 9?
4412834
Convert -10001100010010101010000 (base 2) to base 7.
-54034354
-4833681 (base 11) to base 15
-b15c3d
Convert -3031123 (base 5) to base 2.
-1011111100010001
Convert -d108cc (base 14) to base 2.
-11010110100110001000100
-1101111011000010 (base 2) to base 13
-1cc58
What is -21cba55 (base 14) in base 13?
-3444897
What is 33700650 (base 8) in base 3?
111202021021010
125a23c (base 13) to base 9
11710302
What is -6333660 (base 7) in base 8?
-2725723
Convert -100100000110011000100110 (base 2) to base 4.
-210012120212
-12431003 (base 5) to base 8
-361746
-148684 (base 12) to base 5
-42042224
Convert 13b0c4 (base 13) to base 3.
220110020001
10101201201111 (base 3) to base 16
1b8cda
Convert -285a4 (base 16) to base 15.
-33e8e
What is 111100101133 (base 4) in base 10?
5571679
Convert -101100001100100011110 (base 2) to base 12.
-59a112
-2334433311 (base 5) to base 6
-311304531
14145414 (base 6) to base 8
1652762
Convert -255534041 (base 6) to base 8.
-23153511
1324222 (base 5) to base 12
13624
Convert -2201002122 (base 3) to base 15.
-10bc8
-12030322 (base 5) to base 2
-11011001011101001
Convert -9168c (base 14) to base 16.
-5565c
1001001001111011100000 (base 2) to base 14
4668a4
5558 (base 15) to base 12
a56b
What is 1312115 (base 7) in base 15?
35ae8
-28b04 (base 16) to base 2
-101000101100000100
Convert 23440544 (base 7) to base 10.
2077142
What is 13114616 (base 8) in base 15?
3cb099
Convert 531cc (base 15) to base 6.
5352403
-7054222 (base 8) to base 14
-364dd8
Convert -108346 (base 9) to base 11.
-44a62
20579 (base 11) to base 5
1424343
Convert -594c8 (base 16) to base 15.
-73598
What is 218ba5 (base 15) in base 7?
16406552
Convert 5cda9a (base 15) to base 5.
2114410040
What is 10200111011021 (base 3) in base 12?
7a5281
603754 (base 9) to base 10
357097
What is -212120120021 (base 3) in base 15?
-92771
What is 2020601 (base 8) in base 4?
2002012001
What is 201002121112 (base 3) in base 16?
5bc49
1422531 (base 6) to base 11
55931
Convert -111142112 (base 5) to base 2.
-1110111101100101010
-5120215 (base 6) to base 5
-30244411
What is -25356021 (base 7) in base 15?
-306670
114011551 (base 6) to base 16
20c63b
Convert -775232 (base 8) to base 12.
-106aa2
106250 (base 14) to base 2
10000111011011111110
Convert -342131 (base 9) to base 5.
-23024313
Convert -123003123 (base 4) to base 2.
-11011000011011011
Convert 39a2a5 (base 14) to base 10.
1987193
What is -2222000121120 (base 3) in base 6?
-53432023
2063 (base 15) to base 8
15273
Convert 3002140 (